{"id":17,"date":"2023-12-05T02:12:19","date_gmt":"2023-12-05T02:12:19","guid":{"rendered":"https:\/\/kentatheme.com\/travel-journal\/?page_id=17"},"modified":"2024-03-29T09:52:52","modified_gmt":"2024-03-29T06:52:52","slug":"about","status":"publish","type":"page","link":"https:\/\/budemmakine.com.tr\/?page_id=17","title":{"rendered":"Hakk\u0131m\u0131zda"},"content":{"rendered":"\n<p><br><br><br><br><\/p>\n\n\n\n<div class=\"wp-block-cover alignfull has-parallax has-text-color has-link-color wp-elements-06cfce1d4fd7f7e68068f724504864ea\" style=\"color:#ffffff;min-height:100vh;aspect-ratio:unset;\"><span aria-hidden=\"true\" class=\"wp-block-cover__background has-black-background-color has-background-dim\"><\/span><div role=\"img\" class=\"wp-block-cover__image-background wp-image-772 has-parallax\" style=\"background-position:50% 50%;background-image:url(http:\/\/budemmakine.com.tr\/wp-content\/uploads\/2024\/03\/pexels-ayse-i\u0307pek-16886315-1-scaled.jpg)\"><\/div><div class=\"wp-block-cover__inner-container is-layout-constrained wp-block-cover-is-layout-constrained\">\n<h2 class=\"wp-block-heading has-text-align-center\"><mark style=\"background-color:rgba(0, 0, 0, 0)\" class=\"has-inline-color has-kenta-base-color\">&#8211; Hakk\u0131m\u0131zda &#8211;<\/mark><\/h2>\n\n\n\n<div class=\"wp-block-group is-layout-constrained wp-block-group-is-layout-constrained\">\n<div class=\"wp-block-kenta-blocks-paragraph kb-paragraph kb-paragraph-73c07208\"><p class=\"\"><strong><mark style=\"background-color:rgba(0, 0, 0, 0)\" class=\"has-inline-color has-kenta-base-color\">BUDEM Tar\u0131m Makinalar\u0131 \u015eirketi, Sakarya 1.Organize Sanayi B\u00f6lgesinde yerle\u015fik, y\u0131ll\u0131k 10.000 ton y\u00fcksek karbonlu \u00e7elik, yay ve tar\u0131m makinalar\u0131 \u00fcreten, toplam \u00fcretiminin %75 ini 32 \u00fclkeye ihra\u00e7 eden \u015firketimizin \u00e7at\u0131s\u0131 alt\u0131nda, \u00e7evreye sayg\u0131l\u0131, s\u00fcrd\u00fcr\u00fclebilir-organik tar\u0131m i\u00e7in ula\u015f\u0131labilir Yerli-Milli makinalar \u00fcretmek amac\u0131yla kurulmu\u015ftur.<br><\/mark><br><mark style=\"background-color:rgba(0, 0, 0, 0)\" class=\"has-inline-color has-kenta-base-color\">G\u00fcvenilir bir \u00fcretici olarak, m\u00fc\u015fterilerimizin \u00e7e\u015fitli sekt\u00f6rlerdeki ihtiya\u00e7lar\u0131n\u0131 hassas m\u00fchendislik \u00e7\u00f6z\u00fcmleri sunarak \u00fcretti\u011fimiz yerli makinalar ile kar\u015f\u0131lamak i\u00e7in uzmanla\u015fm\u0131\u015f kadromuz ile \u00e7al\u0131\u015fmaktan mutluluk duyuyoruz.<br><br><em> <\/em>S\u00fcrekli y\u00fcr\u00fctt\u00fc\u011f\u00fcm\u00fcz AR-Ge faaliyetleri ile makinalar\u0131m\u0131z\u0131 geli\u015ftiriyor, laboratuvar testleri ve demo denemelerde elde etti\u011fimiz \u00e7\u0131kt\u0131lar\u0131 faydal\u0131 sonu\u00e7lara d\u00f6n\u00fc\u015ft\u00fcrerek sahadaki makinalar\u0131m\u0131zda uyguluyoruz.<br><br>BUDEM Tar\u0131m Makinalar\u0131, s\u00fcrd\u00fcr\u00fclebilir \u00e7evre &#8211; organik tar\u0131m, maksimum i\u015fi minimum zamanda yapmak amac\u0131yla geli\u015ftirilen verimli ve y\u00fcksek h\u0131zl\u0131 makinalar \u00fcretmeyi, tar\u0131mda verimlilik i\u00e7in vazge\u00e7ilemez esas olan makinala\u015fmay\u0131 ithalat ba\u011f\u0131ml\u0131l\u0131\u011f\u0131 olmadan yerli-milli \u00e7\u00f6z\u00fcmler ile sa\u011flamay\u0131, sat\u0131\u015f sonras\u0131 \u00e7ift\u00e7ilerimizin ihtiya\u00e7 duyabilece\u011fi yedek par\u00e7a ve komponentler i\u00e7in ucuz ve s\u0131n\u0131rs\u0131z yedek par\u00e7a sa\u011flamay\u0131 ama\u00e7 edinmi\u015f bir kurumdur<br><br>KEND\u0130 TOPRAKLARIMIZDA, \u00dcLKEM\u0130Z \u0130\u00c7\u0130N \u00dcRET\u0130M YAPIYOR OLMAKTAN DUYDU\u011eUMUZ MUTLULUK \u0130LE T\u00dcM \u00c7\u0130FT\u00c7\u0130LER\u0130M\u0130ZE BEREKETL\u0130 HASATLAR D\u0130L\u0130YORUZ\u2026<\/mark><\/strong><\/p><\/div>\n<\/div>\n<\/div><\/div>\n\n\n\n<div class=\"wp-block-group alignfull is-layout-constrained wp-block-group-is-layout-constrained\"><\/div>\n","protected":false},"excerpt":{"rendered":"","protected":false},"author":1,"featured_media":0,"parent":0,"menu_order":0,"comment_status":"closed","ping_status":"closed","template":"","meta":{"site-container-style":"default","site-container-layout":"default","site-sidebar-layout":"default","site-transparent-header":"enable","disable-article-header":"yes","disable-site-header":"default","disable-site-footer":"default","disable-content-area-spacing":"yes","_joinchat":[],"footnotes":""},"class_list":["post-17","page","type-page","status-publish","hentry"],"_links":{"self":[{"href":"https:\/\/budemmakine.com.tr\/index.php?rest_route=\/wp\/v2\/pages\/17","targetHints":{"allow":["GET"]}}],"collection":[{"href":"https:\/\/budemmakine.com.tr\/index.php?rest_route=\/wp\/v2\/pages"}],"about":[{"href":"https:\/\/budemmakine.com.tr\/index.php?rest_route=\/wp\/v2\/types\/page"}],"author":[{"embeddable":true,"href":"https:\/\/budemmakine.com.tr\/index.php?rest_route=\/wp\/v2\/users\/1"}],"replies":[{"embeddable":true,"href":"https:\/\/budemmakine.com.tr\/index.php?rest_route=%2Fwp%2Fv2%2Fcomments&post=17"}],"version-history":[{"count":39,"href":"https:\/\/budemmakine.com.tr\/index.php?rest_route=\/wp\/v2\/pages\/17\/revisions"}],"predecessor-version":[{"id":918,"href":"https:\/\/budemmakine.com.tr\/index.php?rest_route=\/wp\/v2\/pages\/17\/revisions\/918"}],"wp:attachment":[{"href":"https:\/\/budemmakine.com.tr\/index.php?rest_route=%2Fwp%2Fv2%2Fmedia&parent=17"}],"curies":[{"name":"wp","href":"https:\/\/api.w.org\/{rel}","templated":true}]}}